= -d**2 + 6*d - 6. Let a be g(4). Suppose -1 = -t + y + 22, -a*t = -4*y - 44. What is the remainder when t is divided by 13?
11
Let h(b) = b**2 - b - 3. Let y be h(3). Suppose 0 = 5*f - y*c - 265, 5*c - 3*c - 190 = -4*f. Calculate the remainder when f is divided by 13.
11
Suppose 15 = -2*h + 5*h. Suppose q - 281 = -h*y, -y - 4*q = 3*y - 228. Calculate the remainder when y is divided by 19.
18
Suppose y + 4*w = -w + 36, 5*y + 3*w - 70 = 0. Calculate the remainder when 0 + (-88)/(-2) + -1 is divided by y.
10
Let v(h) = h**2 - 18*h + 15. Calculate the remainder when (2 - -41)/((-1)/(-1)) is divided by v(18).
13
Let w(u) = -u**2 - 12*u - 4. Let y be w(-12). Let k = y + 2. Let t = k + 20. Calculate the remainder when t is divided by 5.
3
Let l(u) = 3*u**3 - 8*u**2 + 6*u - 3. Let p be l(5). Let y = -77 + p. Suppose 3 = 2*v + 1, 0 = 5*z + 5*v - y. What is the remainder when z is divided by 13?
11
Suppose -114 - 45 = -d. Calculate the remainder when d is divided by 54.
51
Suppose 0 = -3*h + 5*a + 23, h = -2*h - 4*a + 41. What is the remainder when -35*(34/(-7) - -4) is divided by h?
8
Let i be ((-1 + 0)*-5)/1. Suppose -r = -i*r + 232. Let y = 30 + -10. Calculate the remainder when r is divided by y.
18
Let y = 93 - 17. Suppose -5*g + 4 + y = 0. What is the remainder when 31 is divided by g?
15
Suppose 0*i + 156 = -2*i - 2*q, 161 = -2*i + 3*q. Let o = -43 - i. Calculate the remainder when 69 is divided by o.
33
Let j = -1 - -14. What is the remainder when 25 is divided by j?
12
Let o be 21/(-2 - (1 + -4)). Let y = -11 + o. Calculate the remainder when 17 is divided by y.
7
What is the remainder when 11 is divided by 48/18*(-9)/(-4)?
5
Let o be (4 - 4)/(1 + -2). Let v be -31 - (o - (-3)/(-3)). Let t = -13 - v. Calculate the remainder when 32 is divided by t.
15
Suppose 2*u - 38 = -g - 3*g, -5*u + 109 = 3*g. What is the remainder when 35 is divided by u?
12
Let t be (42/(-4))/(3/18). Let y = t + 101. Calculate the remainder when y is divided by 20.
18
Let q = 38 + -26. Let f = -1 + 1. Calculate the remainder when (1 + f)/(1/23) is divided by q.
11
Suppose 0 = -k - 2 + 58. Suppose -2*m = -6*m + k. Let u = 107 + -52. Calculate the remainder when u is divided by m.
13
Suppose 3*m + 4*m = 49. Let w(y) = -y**2 - 9*y + 13. Calculate the remainder when w(-9) is divided by m.
6
Suppose 0 = -5*f + 16 + 59. What is the remainder when 73 is divided by f?
13
Let h be (-9 + -1)*(-8)/20. Suppose h*j - j = 63. Suppose -3*c - a = -28, -5*c - 2*a - a + 40 = 0. Calculate the remainder when j is divided by c.
10
Suppose 4*q - 16 = 228. What is the remainder when q is divided by (2 - 4)*(-10 + 2)?
13
Let a(u) = 10*u**3 + 1. Let l(b) = -b**3 + 9*b**2 - 8*b + 1. Let j be l(8). Calculate the remainder when 65 is divided by a(j).
10
Let z = 3 + -5. Suppose 0 = 5*u - 51 - 14. Calculate the remainder when u is divided by 1/z*-1*14.
6
Let z(l) = l + 16. Let b be z(0). Let o = b + 31. What is the remainder when o is divided by 16?
15
Suppose q = 4 + 2. Let i = 23 - q. What is the remainder when 33 is divided by i?
16
Suppose -2*b + 8 = -0. Let f(a) = -a + 2. Let w be f(-12). What is the remainder when 204/21 + 4/w is divided by b?
2
Suppose 0 = -4*y - 0*g + 4*g + 36, -4*g = 2*y + 12. Suppose y*w = w + 15. Calculate the remainder when w is divided by 3.
2
Let o = -6 + 11. Suppose -3*q + 23 = -5*f, -3*f + 1 = q + 2*f. Suppose q*k - 65 = k. What is the remainder when k is divided by o?
3
Let t(f) = -f**3 - f**2 + 15. Let d be (-3 + 2 - -1)/2. Calculate the remainder when 44 is divided by t(d).
14
Let r(b) = -14*b + 2. Suppose 0 = m - 0*q + 4*q - 16, -3*m = -5*q + 37. Let n be r(m). Suppose n + 27 = 5*p. What is the remainder when 33 is divided by p?
16
Suppose q + 3*q = 0. Suppose 3*f - 4*f + 16 = q. Calculate the remainder when f is divided by 6.
4
Suppose 7*h - 2*h = 55. Let l(k) = k**2 - 4*k - 9. What is the remainder when l(h) is divided by 23?
22
Suppose -2*i + 7 = w, -w - 5*i + 17 = 1. Calculate the remainder when 0 - 1/(-6) - (-17)/6 is divided by w.
0
Let w(f) = f. Let t(x) = 8*x - 1. Let z(d) = -3*t(d) + 21*w(d). What is the remainder when 46 is divided by z(-3)?
10
Let o be (-18960)/(-25) - 2/5. What is the remainder when (-2)/13 - o/(-26) is divided by 4/14 + 68/7?
9
Let d(a) = 2*a**2 - 3*a - 3. Let q be d(7). Let v = -36 + q. Calculate the remainder when v is divided by 20.
18
Let q(b) = -b**2 + 16*b - 13. Let y(u) = u + 7. Calculate the remainder when y(0) is divided by q(15).
1
Let i = 24 + -20. What is the remainder when 10 is divided by 4*(7/i + -1)?
1
Suppose -x + 10 - 2 = 0. What is the remainder when 22 is divided by x?
6
Let n(g) = -20*g + 6. Calculate the remainder when n(-3) is divided by 23.
20
Let t(i) = -14*i + 120. Suppose 45 = -5*p + 155. Calculate the remainder when p is divided by t(8).
6
Let m(v) = v**3 + 10*v**2 + 12*v + 2. Suppose -36 = -2*c - c. Calculate the remainder when m(-8) is divided by c.
10
Let u be -4*(2 - 9/6). Calculate the remainder when 28 is divided by (-4)/(12/(-5) - u).
8
Let g be 36*(3 + -2)*1. Let v be g/8 - (-1)/2. Calculate the remainder when v/10 - (-43)/2 is divided by 8.
6
Let j(o) = o**3 + 8*o**2 + 2*o + 15. What is the remainder when j(-7) is divided by 14?
8
Let u(n) = n**3 - 16*n**2 + 5*n - 5. What is the remainder when u(16) is divided by 27?
21
Let l = -3 + 11. Calculate the remainder when 13 is divided by l.
5
Let n = 17 + -5. What is the remainder when 59 is divided by n?
11
Let l(y) = -3*y + 2*y + 2*y + 11*y**2. Suppose -7 = -4*k + 17. What is the remainder when l(-1) is divided by k?
4
Suppose -6*g = -3*i - 2*g + 8, 6 = -3*i - 3*g. Let c be 1572/66 + (-2)/(-11). Suppose j - c + 9 = i. What is the remainder when 44 is divided by j?
14
Suppose -2*a + 102 + 78 = -2*n, -5*a = n - 444. What is the remainder when a is divided by 15?
14
Let k(q) = 6*q**2 + q + 3. Let p be k(4). Calculate the remainder when 44 is divided by 4/14 - p/(-7).
14
Suppose 0 = q - 0*q + 12. Calculate the remainder when q*1/2*-1 is divided by 4.
2
Calculate the remainder when 62 is divided by 16 - (2 + 2 + -4).
14
Suppose -3*w = 0, 2*w + 9 = 3*y - 3*w. Suppose 0*f + 5*n + 22 = f, y*f = -3*n - 6. Suppose -g + 45 = f*g. What is the remainder when g is divided by 6?
3
Let h(d) = -d**3 + 6*d**2 - 5*d + 6. What is the remainder when 10 is divided by h(5)?
4
Let u = -40 + 46. What is the remainder when 14 is divided by u?
2
Let v = 84 + -56. Let a(f) = -f**3 + 2*f**2 + f + 1. Let j be a(3). Calculate the remainder when v is divided by (-2)/(-1) + j + 13.
8
Let v be 12/9*(-3 - -6). Suppose 8*n = -2*i + v*n + 38, 3*i - 49 = -4*n. Calculate the remainder when i is divided by 3.
2
Suppose -4*h + 411 = 119. What is the remainder when h is divided by 15?
13
Let r(s) = s**2 - 9*s - 7. Let h be r(9). Calculate the remainder when 2/h - (-93)/7 is divided by 4*1 + (3 - 2).
3
Suppose -51 = 21*g - 24*g. What is the remainder when g is divided by 5?
2
Let k(u) be the second derivative of -u**3/6 + 3*u**2/2 - 5*u. What is the remainder when 4/(-14) + 72/7 is divided by k(-3)?
4
Suppose -10 = 4*j + 3*d, 0 = -4*j + 3*d - d. Let x be (95/(-10))/(j/4). Suppose -g + 76 = g - y, -g = 4*y - x. What is the remainder when g is divided by 20?
18
Suppose o - 2 = -3*b, 4*o - 3*b - 2*b = 25. Suppose -3*q = -4*g + 17, o*q - 10 = -g - 0*q. Calculate the remainder when 8 is divided by g.
3
Suppose -289 - 751 = -16*w. What is the remainder when w is divided by 14?
9
Let g(k) = -k**2 + 16*k + 28. Calculate the remainder when 42 is divided by g(17).
9
Suppose 0 - 2 = -y. Suppose 0 = 2*z + y*z - 5*l - 48, -5*z - 2*l + 27 = 0. What is the remainder when 11 is divided by z?
4
Suppose -2*a = -a - 28. Suppose -3*k = k - a. What is the remainder when 19 is divided by k?
5
Suppose 5 = 5*i, -10 = 3*r + r - 2*i. What is the remainder when 26/2 + r + 4 is divided by 8?
7
Let m = -4 - -5. Let w be 0/(m + 1 + 0). Calculate the remainder when 1 - w - (1 + -46) is divided by 16.
14
What is the remainder when (-2)/(-6) - 992/(-48) is divided by 5?
1
Suppose -5 = -3*w - 2. Let c be 1/(((-3)/w)/(-30)). Let i = c - 1. What is the remainder when 16 is divided by i?
7
Let h = 34 - -10. Suppose -2*f = -0*f - 222. Suppose m + h - 11 = y, 0 = -3*y - 3*m + f. What is the remainder when y is divided by 9?
8
L